{"id":2006,"date":"2020-01-15T16:42:29","date_gmt":"2020-01-15T16:42:29","guid":{"rendered":"http:\/\/czernicaprzedszkole.ovh\/?page_id=2006"},"modified":"2020-01-17T11:31:40","modified_gmt":"2020-01-17T11:31:40","slug":"2018-2","status":"publish","type":"page","link":"https:\/\/przedszkoleczernica.gaszowice.pl\/?page_id=2006","title":{"rendered":"2018"},"content":{"rendered":"\n<p class=\"has-text-color has-background has-text-align-center has-large-font-size has-very-dark-gray-color has-pale-cyan-blue-background-color\"><strong><a href=\"http:\/\/czernicaprzedszkole.ovh\/?page_id=1916\">Stycze\u0144<\/a><\/strong><\/p>\n\n\n\n<p class=\"has-text-color has-background has-text-align-center has-large-font-size has-very-dark-gray-color has-pale-cyan-blue-background-color\"><strong><a href=\"http:\/\/czernicaprzedszkole.ovh\/?page_id=2011\">LUTY<\/a><\/strong><\/p>\n\n\n\n<p class=\"has-text-color has-background has-text-align-center has-large-font-size has-very-dark-gray-color has-pale-cyan-blue-background-color\"><strong><a href=\"http:\/\/czernicaprzedszkole.ovh\/?page_id=2013\">Marzec<\/a><\/strong><\/p>\n\n\n\n<p class=\"has-text-color has-background has-text-align-center has-large-font-size has-very-dark-gray-color has-pale-cyan-blue-background-color\"><strong><a href=\"http:\/\/czernicaprzedszkole.ovh\/?page_id=2049&amp;preview_id=2049&amp;preview_nonce=6fee0a73af&amp;preview=true\">Kwiecie\u0144<\/a><\/strong><\/p>\n\n\n\n<p class=\"has-text-color has-background has-text-align-center has-large-font-size has-very-dark-gray-color has-pale-cyan-blue-background-color\"><strong><a href=\"http:\/\/czernicaprzedszkole.ovh\/?page_id=2060\">Maj<\/a><\/strong><\/p>\n\n\n\n<p class=\"has-text-color has-background has-text-align-center has-large-font-size has-very-dark-gray-color has-pale-cyan-blue-background-color\"><a href=\"http:\/\/czernicaprzedszkole.ovh\/?page_id=2062\"><strong>Czerwiec<\/strong><\/a><\/p>\n\n\n\n<p class=\"has-text-color has-background has-text-align-center has-large-font-size has-very-dark-gray-color has-pale-cyan-blue-background-color\"><strong><a href=\"http:\/\/czernicaprzedszkole.ovh\/?page_id=2064\">Wrzesie\u0144<\/a><\/strong><\/p>\n\n\n\n<p class=\"has-text-color has-background has-text-align-center has-large-font-size has-very-dark-gray-color has-pale-cyan-blue-background-color\"><strong><a href=\"http:\/\/czernicaprzedszkole.ovh\/?page_id=2066\">Pa\u017adziernik<\/a><\/strong><\/p>\n\n\n\n<p class=\"has-text-color has-background has-text-align-center has-large-font-size has-very-dark-gray-color has-pale-cyan-blue-background-color\"><strong><a href=\"http:\/\/czernicaprzedszkole.ovh\/?page_id=2068\">Listopad<\/a><\/strong><\/p>\n\n\n\n<p class=\"has-text-color has-background has-text-align-center has-large-font-size has-very-dark-gray-color has-pale-cyan-blue-background-color\"><strong><a href=\"http:\/\/czernicaprzedszkole.ovh\/?page_id=2071\">Grudzie\u0144<\/a><\/strong><\/p>\n","protected":false},"excerpt":{"rendered":"<p>Stycze\u0144 LUTY Marzec Kwiecie\u0144 Maj Czerwiec Wrzesie\u0144 Pa\u017adziernik Listopad Grudzie\u0144<\/p>\n","protected":false},"author":1,"featured_media":0,"parent":0,"menu_order":0,"comment_status":"closed","ping_status":"closed","template":"","meta":{"footnotes":""},"class_list":["post-2006","page","type-page","status-publish","hentry"],"_links":{"self":[{"href":"https:\/\/przedszkoleczernica.gaszowice.pl\/index.php?rest_route=\/wp\/v2\/pages\/2006","targetHints":{"allow":["GET"]}}],"collection":[{"href":"https:\/\/przedszkoleczernica.gaszowice.pl\/index.php?rest_route=\/wp\/v2\/pages"}],"about":[{"href":"https:\/\/przedszkoleczernica.gaszowice.pl\/index.php?rest_route=\/wp\/v2\/types\/page"}],"author":[{"embeddable":true,"href":"https:\/\/przedszkoleczernica.gaszowice.pl\/index.php?rest_route=\/wp\/v2\/users\/1"}],"replies":[{"embeddable":true,"href":"https:\/\/przedszkoleczernica.gaszowice.pl\/index.php?rest_route=%2Fwp%2Fv2%2Fcomments&post=2006"}],"version-history":[{"count":10,"href":"https:\/\/przedszkoleczernica.gaszowice.pl\/index.php?rest_route=\/wp\/v2\/pages\/2006\/revisions"}],"predecessor-version":[{"id":2090,"href":"https:\/\/przedszkoleczernica.gaszowice.pl\/index.php?rest_route=\/wp\/v2\/pages\/2006\/revisions\/2090"}],"wp:attachment":[{"href":"https:\/\/przedszkoleczernica.gaszowice.pl\/index.php?rest_route=%2Fwp%2Fv2%2Fmedia&parent=2006"}],"curies":[{"name":"wp","href":"https:\/\/api.w.org\/{rel}","templated":true}]}}